ivisor of t and 916.
229
Suppose -5*m = -4*k + 2479, -6*m + 3 = -7*m. Let v = k - 602. Suppose 2*d = 305 + 143. Calculate the greatest common divisor of v and d.
14
Let u = -4 + 8. Suppose u*r = -2*k + 10, 4*k + 23 = 3. Let v = 2203 - 2148. Calculate the highest common factor of r and v.
5
Let v(b) = 1465*b**3 + 10*b - 9. Let x be v(1). Let s = -565 + x. Calculate the highest common divisor of 53 and s.
53
Let j = -13576 - -19036. Suppose -3*l - j = -15*l. Calculate the highest common divisor of 105 and l.
35
Suppose 854*s - 150 = 851*s. Let y be (-1756)/(-10) + (-30)/s. Calculate the greatest common factor of y and 105.
35
Let f = 911 - 908. Suppose -4*j = -f*j - 3*o, o = 3. What is the greatest common factor of 123 and j?
3
Let x(s) = -113*s - 5349. Let f be x(-56). Calculate the greatest common factor of f and 1602.
89
Let u(x) = -62*x**2 - 952*x + 13. Let p be u(-15). What is the greatest common divisor of p and 91?
7
Suppose 334*y - 8874 = 317*y. What is the greatest common factor of y and 1740?
174
Let s be 22/(-8) - -4 - (-975)/20. What is the greatest common divisor of 46 and s?
2
Let g be 77*(2/3 - ((-10764)/(-189))/(-26)). What is the greatest common divisor of 910 and g?
10
Suppose 3*t - 4*f = 210, 2*t = 3*f + 128 + 14. What is the greatest common divisor of 13 and t?
1
Let h be ((-2)/14*(-805)/(-230))/(2/(-8)). Suppose 5*o - 15 - 1 = -z, -3*z - 12 = -5*o. What is the greatest common divisor of h and z?
1
Let k be (6/4)/((-1)/(-72)). Let s be 105092/(-141) - (-2)/6. Let d = s + 757. What is the greatest common divisor of d and k?
12
Let p = -4467 + 4480. What is the greatest common divisor of p and 1963?
13
Suppose -14001 = -28*l - 2605. Let x be l/8 - 6/(-48). What is the highest common divisor of x and 136?
17
Suppose 26*w - 124 = -2*v + 24*w, w = -4*v + 272. Let z = 107 - 51. What is the greatest common factor of z and v?
14
Let w(k) = -2*k**3 - 21*k**2 + 57*k + 24. Let o be w(-13). What is the greatest common divisor of 288 and o?
32
Suppose 0 = -27*c + 50 + 220. Suppose 6*g = -c + 46. Calculate the greatest common divisor of 15 and g.
3
Let r = 87 + -10. Suppose -r*g - 85 = -82*g. Suppose 3 = z + 5*b - 0, 2*b + g = z. Calculate the greatest common divisor of z and 143.
13
Let z be 5 - 192/18*(-567)/28. Suppose -7*x + 73 = -3*x - l, 0 = -3*x + 3*l + 66. Calculate the highest common factor of z and x.
17
Let u be (-142)/(-4) + 241/482. Calculate the greatest common divisor of 171 and u.
9
Suppose 3*r + 4*d - 39 = 0, 2*r - 6*d + 2*d - 26 = 0. Suppose 3*n - 3*l - 119 = -2*l, 41 = n - l. Calculate the highest common divisor of r and n.
13
Let j(u) = -u**2 + 2. Let i(a) = 9*a**2 - 4*a - 15. Let f(w) = -2*i(w) - 22*j(w). Let b be f(-7). What is the highest common factor of 28 and b?
14
Suppose -5*u - 4*t + 193 + 336 = 0, -5*u - 3*t + 528 = 0. Suppose -d - 30 = -6*d. Let a be (-30)/2*(d + -7). What is the highest common divisor of a and u?
15
Let g be 177/118*(3 - (-7)/(-3)). Suppose 5*a - 13 = 4*a. What is the highest common divisor of a and g?
1
Let b = 66384 + -28504. Calculate the highest common factor of 40 and b.
40
Let x = 6557 - 6543. Suppose 0 = j - 0*j - 224. What is the highest common divisor of x and j?
14
Let z = 18 + -15. Suppose -3*t - z*o + 56 = 2*o, 8 = 2*o. Let y = 2 + 16. Calculate the greatest common divisor of y and t.
6
Let u be ((-5)/(-20) + 2)*20. Let l be (-4)/((-20)/u) - 2. What is the greatest common divisor of 2 and l?
1
Let d(w) = -w - 3. Let x be d(-7). Let a(r) = r - 27. Let o be a(27). Let i = o + x. What is the highest common divisor of 16 and i?
4
Let p = 11084 + -10472. Calculate the highest common factor of p and 684.
36
Let b(m) = 26*m - 26. Let a(o) = 6*o - 78. Let i be a(14). Let n be b(i). Calculate the highest common factor of 52 and n.
26
Let z = -54 + 56. Let y(d) = 33*d + 1. Let h be y(z). Suppose -h = -4*a + 9. What is the highest common divisor of a and 76?
19
Suppose 12*f - 106 = -41*f. Suppose x + 4*x = k + 1, -2*k = -4*x - 16. Let l = f + k. Calculate the greatest common factor of l and 80.
16
Let y be 754/(-39)*(138/4)/(-1). What is the greatest common divisor of 253 and y?
23
Let u(v) be the third derivative of -187*v**4/24 + 11*v**3/6 + 38*v**2. Let g be u(-3). What is the greatest common divisor of 13 and g?
13
Suppose -4*h - q + 13048 = 0, -36*h = -33*h + q - 9786. What is the greatest common divisor of 42 and h?
14
Let r be 5/(-3) + 204/9*1. Let t be 2/2*(7 - 1 - 4). Suppose 0 = -t*z - 2*n + 171 + 119, 151 = z - 2*n. What is the greatest common divisor of r and z?
21
Let i be (-8 - 370/(-45))*6 + 656/3. Calculate the greatest common factor of 2915 and i.
55
Let w = 15 + -6. Suppose 0 = 2*i - 10, -3*i = 5*x + w - 34. Suppose b = -x*a + a + 186, -3*b - 716 = -4*a. What is the highest common divisor of 26 and a?
26
Let n(a) = a**2 + 2*a - 6. Let c be 78/(-91)*(-1 - -50). Let w be (c/(-9) - 4)*6. Let o be n(w). What is the highest common factor of 72 and o?
18
Let t be ((-200)/(-2))/((-20)/(-112)). What is the greatest common divisor of 518 and t?
14
Let x = 11918 + -11866. Let d = -6 + 526. Calculate the highest common divisor of x and d.
52
Let c = -3698 + 4061. What is the greatest common factor of 88 and c?
11
Suppose -6561*r + 6520*r + 205 = 0. What is the highest common factor of r and 2560?
5
Suppose -n + 343 - 319 = 0. Let s(x) = -x + 16. Let w be s(10). What is the highest common factor of w and n?
6
Suppose x + 4*m = -3737 + 12220, -4*m = -5*x + 42295. What is the greatest common divisor of x and 93?
93
Let g(u) = -20 - 2300*u + 2*u**3 + 2297*u + 16*u**2 + 0*u**2. Let l be g(-8). What is the highest common divisor of 44 and l?
4
Let m be (-7 - -12 - 1) + 60 + -19. What is the greatest common factor of m and 5205?
15
Let a = 310 + -306. Suppose 0 = -a*p + p + 144. What is the highest common factor of p and 6?
6
Let h = 174 - -145. Calculate the highest common divisor of 406 and h.
29
Suppose 832 = 29*m - 527 + 25. Let v(p) = -4*p**3 - p**2 + 3*p + 1. Let l be v(-2). What is the greatest common divisor of l and m?
23
Suppose r + 42*r - 874 = -3*r. Suppose 0 = 4*q - 3*c - 17, -1 = c + 2. Suppose 0 = 3*k + q*k - 190. What is the greatest common factor of r and k?
19
Suppose 5*o - 7 = 3. Let s = 279 - 692. Let h = 418 + s. Calculate the greatest common divisor of h and o.
1
Suppose -3*h + 57 = -0*h. Suppose -17*o = -h*o + 18. Suppose 8*g = -o + 25. What is the greatest common factor of g and 46?
2
Let f be 15*(-4)/(24/(-10)). Let p(x) = 50*x - 10. Let s be p(2). Let u = s - -10. What is the highest common factor of f and u?
25
Suppose 2*r = -4*j + 89 + 53, -3*r - 3*j = -210. What is the highest common factor of r and 46?
23
Suppose -323 = 2*y - 891. Calculate the highest common divisor of y and 781.
71
Let a be (-4 + (108/(-8))/(-3))*122. Let v = -51 + a. Let j(i) = 2*i**2 - 8*i + 12. Let r be j(v). What is the greatest common divisor of 12 and r?
12
Suppose 48 = 4*i + 2420. Let m = i + 1693. What is the highest common divisor of m and 44?
44
Suppose 0 = -632*f + 630*f + 10, -f + 20201 = 4*c. What is the highest common divisor of 54 and c?
27
Suppose -168 = 2*s - 5*s. Let l(d) = -d**3 + 45*d**2 + 3*d - 63. Let j be l(45). Calculate the greatest common divisor of j and s.
8
Let t(y) = -3*y**3 + 22*y**2 - 7*y + 44. Let w be t(5). What is the highest common divisor of w and 1426?
46
Suppose 0 = -5*i - p + 1499, -5*p - 305 = -3*i + 572. Calculate the greatest common factor of i and 391.
23
Suppose 6*f + 55*f - 1525 = 0. Let s = -9 + 24. Let l be (s/((-6)/(-2)))/1. Calculate the highest common divisor of f and l.
5
Suppose 3*p - 286 = -2*l, p - 2*p = -4*l - 72. Suppose f + 17 = p. Let a = 168 - 153. Calculate the greatest common divisor of a and f.
15
Let k(o) = -4 - 34 + 80*o + 22 - 14. Let u be k(4). Calculate the highest common divisor of u and 10.
10
Suppose -41*p + 11479 = 32*p - 9545. What is the greatest common divisor of p and 612?
36
Let b be (-1)/(-3) + (-676)/3. Let i = -117 - b. Calculate the highest common divisor of 4 and i.
4
Suppose -229 + 7015 = 10*u + 19*u. What is the greatest common factor of u and 6786?
234
Let t(u) = 4*u**3 - u**2 + 2*u - 2. Let k be t(2). Suppose 24*m + 1553 = 147*m - 292. Calculate the greatest common divisor of k and m.
15
Suppose 0 = 5*y 